en thousands digit of 5372824?
7
What is the hundred thousands digit of 26931094?
9
What is the ten thousands digit of 105875644?
7
What is the millions digit of 4055216636?
5
What is the hundreds digit of 50360281?
2
What is the hundred thousands digit of 271935004?
9
What is the tens digit of 832815387?
8
What is the units digit of 465017127?
7
What is the hundreds digit of 3125938751?
7
What is the tens digit of 174117592?
9
What is the ten millions digit of 213470259?
1
What is the millions digit of 17857564?
7
What is the thousands digit of 1739654172?
4
What is the ten thousands digit of 10030618?
3
What is the millions digit of 341405961?
1
What is the ten millions digit of 1095584018?
9
What is the millions digit of 2619769522?
9
What is the hundred thousands digit of 178219016?
2
What is the tens digit of 595638904?
0
What is the billions digit of 1475000090?
1
What is the ten thousands digit of 60254977?
5
What is the tens digit of 525948711?
1
What is the hundred thousands digit of 202187172?
1
What is the hundred millions digit of 3182318136?
1
What is the hundred millions digit of 182716924?
1
What is the millions digit of 6784895?
6
What is the hundred thousands digit of 36493959?
4
What is the units digit of 368085672?
2
What is the hundreds digit of 2211554817?
8
What is the ten thousands digit of 1983116428?
1
What is the ten thousands digit of 880035901?
3
What is the millions digit of 3508180107?
8
What is the hundreds digit of 7434832367?
3
What is the ten millions digit of 2488477964?
8
What is the hundreds digit of 892123326?
3
What is the thousands digit of 7422102024?
2
What is the hundred thousands digit of 711128751?
1
What is the hundred thousands digit of 61984463?
9
What is the tens digit of 532091010?
1
What is the tens digit of 81774883?
8
What is the hundreds digit of 619054564?
5
What is the units digit of 59334229?
9
What is the millions digit of 1864578418?
4
What is the hundred thousands digit of 915313483?
3
What is the tens digit of 60552501?
0
What is the ten millions digit of 438693797?
3
What is the units digit of 2798803422?
2
What is the hundred thousands digit of 117114779?
1
What is the ten thousands digit of 112646569?
4
What is the thousands digit of 5298369168?
9
What is the ten thousands digit of 825731370?
3
What is the ten thousands digit of 1021624197?
2
What is the tens digit of 287249865?
6
What is the hundreds digit of 327015122?
1
What is the units digit of 223003478?
8
What is the thousands digit of 1527885697?
5
What is the millions digit of 551346788?
1
What is the thousands digit of 50229252?
9
What is the tens digit of 409666263?
6
What is the thousands digit of 1397770?
7
What is the hundred thousands digit of 273753689?
7
What is the hundreds digit of 3553484878?
8
What is the millions digit of 575479767?
5
What is the ten thousands digit of 73637878?
3
What is the hundred thousands digit of 30359092?
3
What is the hundred thousands digit of 468915766?
9
What is the hundreds digit of 42578551?
5
What is the tens digit of 342159198?
9
What is the thousands digit of 1750000816?
0
What is the ten thousands digit of 976293338?
9
What is the ten thousands digit of 4907803508?
0
What is the hundreds digit of 75756115?
1
What is the millions digit of 394478591?
4
What is the billions digit of 1663924195?
1
What is the ten thousands digit of 521131674?
3
What is the millions digit of 2140499649?
0
What is the hundred thousands digit of 31293805?
2
What is the thousands digit of 5667124253?
4
What is the units digit of 269843241?
1
What is the ten millions digit of 14318984?
1
What is the hundred thousands digit of 432448801?
4
What is the tens digit of 100741771?
7
What is the units digit of 1390910?
0
What is the millions digit of 162628344?
2
What is the hundreds digit of 46982721?
7
What is the tens digit of 87302843?
4
What is the ten millions digit of 4736833531?
3
What is the thousands digit of 229581941?
1
What is the hundreds digit of 338220796?
7
What is the tens digit of 1851744087?
8
What is the ten millions digit of 427991782?
2
What is the millions digit of 134505314?
4
What is the ten millions digit of 126719744?
2
What is the hundreds digit of 823789040?
0
What is the units digit of 57599677?
7
What is the ten millions digit of 1107053733?
0
What is the units digit of 35860527?
7
What is the units digit of 34735962?
2
What is the millions digit of 190040602?
0
What is the millions digit of 63114438?
3
What is the thousands digit of 347538904?
8
What is the hundred millions digit of 734964206?
7
What is the units digit of 179990343?
3
What is the hundred thousands digit of 227304447?
3
What is the hundreds digit of 1045814018?
0
What is the hundred thousands digit of 1648807754?
8
What is the hundred thousands digit of 513984355?
9
What is the millions digit of 204695215?
4
What is the millions digit of 6434937169?
4
What is the hundred thousands digit of 8601679?
6
What is the ten thousands digit of 837940214?
4
What is the tens digit of 381170978?
7
What is the thousands digit of 356418686?
8
What is the ten millions digit of 250430947?
5
What is the billions digit of 2472155103?
2
What is the hundred millions digit of 860073340?
8
What is the thousands digit of 556914458?
4
What is the ten millions digit of 243927947?
4
What is the hundred thousands digit of 16336979?
3
What is the ten millions digit of 837380582?
3
What is the hundreds digit of 382860113?
1
What is the thousands digit of 241873976?
3
What is the hundreds digit of 7739791?
7
What is the hundreds digit of 126876618?
6
What is the thousands digit of 455469492?
9
What is the hundred thousands digit of 2936060437?
0
What is the hundreds digit of 443202809?
8
What is the ten millions digit of 95116462?
9
What is the thousands digit of 49982897?
2
What is the thousands digit of 850008689?
8
What is the millions digit of 106245779?
6
What is the hundred thousands digit of 1491674245?
6
What is the ten thousands digit of 25179511?
7
What is the units digit of 74032378?
8
What is the tens digit of 31207058?
5
What is the millions digit of 18235427?
8
What is the ten millions digit of 10541222?
1
What is the millions digit of 70775730?
0
What is the ten millions digit of 1804109783?
0
What is the ten millions digit of 460047740?
6
What is the tens digit of 3305140637?
3
What is the ten millions digit of 5608414574?
0
What is the thousands digit of 4455084385?
4
What is the tens digit of 4213329108?
0
What is the hundred thousands digit of 220096164?
0
What is the hundred millions digit of 3673151188?
6
What is the ten thousands digit of 65306009?
0
What is the thousands digit of 2383008106?
8
What is the tens digit of 25314408?
0
What is the millions digit of 1990786?
1
What is the ten millions digit of 318047390?
1
What is the hundred thousands digit of 1520976835?
9
What is the hundred millions digit of 296231436?
2
What is the hundred thousands digit of 392287481?
2
What is the thousands digit of 28575179?
5
What is the units digit of 11626618?
8
What is the units digit of 53762101?
1
What is the ten millions digit of 318852621?
1
What is the millions digit of 237412325?
7
What is the hundreds digit of 726611115?
1
What is the millions digit of 374722327?
4
What is the ten millions digit of 791474533?
9
What is the units digit of 4415817076?
6
What is the ten millions digit of 240288887?
4
What is the millions digit of 741383191?
1
What is the tens digit of 34661693?
9
What is the tens digit of 1179274791?
9
What is the tens digit of 81940665?
6
What is the hundred thousands digit of 18171449?
1
What is the hundred millions digit of 7355735416?
3
What is the hundred thousands digit of 111324055?
3
What is the thousands digit of 46439575?
9
What is the hundred thousands digit of 648456374?
4
What is the ten millions digit of 3953361759?
5
What is the hundred thousands digit of 1938698321?
6
What is the hundred millions digit of 1132457966?
1
What is the ten thousands digit of 1251529386?
2
What is the ten millions digit of 58474739?
5
What is the units digit of 785782513?
3
What is the units digit of 115777166?
6
What is the hundreds digit of 104234760?
7
What is the hundred millions digit of 220746461?
2
Wha